{"id":24,"date":"2024-03-30T10:28:38","date_gmt":"2024-03-30T09:28:38","guid":{"rendered":"https:\/\/ginie-sophrologie.fr\/?page_id=24"},"modified":"2024-09-07T19:44:41","modified_gmt":"2024-09-07T17:44:41","slug":"accueil","status":"publish","type":"page","link":"https:\/\/ginie-sophrologie.fr\/","title":{"rendered":"Accueil"},"content":{"rendered":"\t\t<div data-elementor-type=\"wp-post\" data-elementor-id=\"24\" class=\"elementor elementor-24\">\n\t\t\t\t<div class=\"elementor-element elementor-element-ef150f2 e-flex e-con-boxed e-con e-parent\" data-id=\"ef150f2\" data-element_type=\"container\">\n\t\t\t\t\t<div class=\"e-con-inner\">\n\t\t\t\t<div class=\"elementor-element elementor-element-4516c6d elementor-widget elementor-widget-text-editor\" data-id=\"4516c6d\" data-element_type=\"widget\" data-widget_type=\"text-editor.default\">\n\t\t\t\t<div class=\"elementor-widget-container\">\n\t\t\t\t\t\t\t\t\t<h5 style=\"text-align: center;\">A vous, que j&#8217;ai accompagn\u00e9s en s\u00e9ance, BIENVENUE !<\/h5>\n<h5 style=\"text-align: center;\"><em><strong>Ce site est le v\u00f4tre.<\/strong><\/em><\/h5>\n<h5 style=\"text-align: center;\">Vous trouverez ici les audios des pratiques de bases que nous avons travaill\u00e9es ensemble.<\/h5>\n<h5 style=\"text-align: center;\">La Sophrologie est un art de vivre&#8230; Laissez-vous guider et entrez tranquillement dans une pratique qui transforme ! Ecoutez et laissez faire.<\/h5>\n<h5 style=\"text-align: center;\">Et surtout, je vous le rappelle, pas d&#8217;attente, rien \u00e0 r\u00e9ussir ! Ici tout est simple, juste vivre, la conscience attentive et curieuse aux ressentis qui se manifestent&#8230; ou pas. Et accueillir !<\/h5>\n<h5 style=\"text-align: center;\">Je vous souhaite une bonne pratique. Vivez la, adaptez la&#8230; fa\u00eetes la v\u00f4tre !<\/h5>\n<h5 style=\"text-align: center;\">Je suis, et je reste disponible pour vous : si vous avez des questions, des doutes, ou simplement l&#8217;envie de partager votre v\u00e9cu, vous \u00eates, toujours, BIENVENUS.<\/h5>\n<h5 style=\"text-align: center;\"><em><strong>Virginie<\/strong><\/em>.<\/h5>\t\t\t\t\t\t\t\t<\/div>\n\t\t\t\t<\/div>\n\t\t\t\t\t<\/div>\n\t\t\t\t<\/div>\n\t\t<div class=\"elementor-element elementor-element-1214c25 e-flex e-con-boxed e-con e-parent\" data-id=\"1214c25\" data-element_type=\"container\">\n\t\t\t\t\t<div class=\"e-con-inner\">\n\t\t<div class=\"elementor-element elementor-element-349fcbc e-con-full e-flex e-con e-child\" data-id=\"349fcbc\" data-element_type=\"container\">\n\t\t\t\t<div class=\"elementor-element elementor-element-9dc756d elementor-widget__width-initial elementor-widget elementor-widget-image\" data-id=\"9dc756d\" data-element_type=\"widget\" data-widget_type=\"image.default\">\n\t\t\t\t<div class=\"elementor-widget-container\">\n\t\t\t\t\t\t\t\t\t\t\t\t\t\t\t\t<a href=\"https:\/\/www.essasophro.com\/\" target=\"_blank\">\n\t\t\t\t\t\t\t<img decoding=\"async\" width=\"300\" height=\"125\" src=\"https:\/\/ginie-sophrologie.fr\/wp-content\/uploads\/2024\/07\/essa-logo-e1520513430412-300x125.png\" class=\"attachment-medium size-medium wp-image-69\" alt=\"\" srcset=\"https:\/\/ginie-sophrologie.fr\/wp-content\/uploads\/2024\/07\/essa-logo-e1520513430412-300x125.png 300w, https:\/\/ginie-sophrologie.fr\/wp-content\/uploads\/2024\/07\/essa-logo-e1520513430412.png 400w\" sizes=\"(max-width: 300px) 100vw, 300px\" \/>\t\t\t\t\t\t\t\t<\/a>\n\t\t\t\t\t\t\t\t\t\t\t\t\t\t\t<\/div>\n\t\t\t\t<\/div>\n\t\t\t\t<\/div>\n\t\t\t\t<div class=\"elementor-element elementor-element-b6927b2 elementor-widget elementor-widget-image\" data-id=\"b6927b2\" data-element_type=\"widget\" data-widget_type=\"image.default\">\n\t\t\t\t<div class=\"elementor-widget-container\">\n\t\t\t\t\t\t\t\t\t\t\t\t\t\t\t<img decoding=\"async\" width=\"141\" height=\"142\" src=\"https:\/\/ginie-sophrologie.fr\/wp-content\/uploads\/2024\/07\/logoSFS.gif\" class=\"attachment-medium size-medium wp-image-71\" alt=\"\" srcset=\"https:\/\/ginie-sophrologie.fr\/wp-content\/uploads\/2024\/07\/logoSFS.gif 141w, https:\/\/ginie-sophrologie.fr\/wp-content\/uploads\/2024\/07\/logoSFS-45x45.gif 45w\" sizes=\"(max-width: 141px) 100vw, 141px\" \/>\t\t\t\t\t\t\t\t\t\t\t\t\t\t\t<\/div>\n\t\t\t\t<\/div>\n\t\t<div class=\"elementor-element elementor-element-c1c98ca e-con-full e-flex e-con e-child\" data-id=\"c1c98ca\" data-element_type=\"container\">\n\t\t\t\t<div class=\"elementor-element elementor-element-0fcb9f2 elementor-widget elementor-widget-text-editor\" data-id=\"0fcb9f2\" data-element_type=\"widget\" data-widget_type=\"text-editor.default\">\n\t\t\t\t<div class=\"elementor-widget-container\">\n\t\t\t\t\t\t\t\t\t<h1 class=\"fusion-title-heading title-heading-left fusion-responsive-typography-calculated\" data-fontsize=\"35\" data-lineheight=\"49px\">ESSA FORMATIONS est membre de la SFS<\/h1>\t\t\t\t\t\t\t\t<\/div>\n\t\t\t\t<\/div>\n\t\t\t\t<\/div>\n\t\t\t\t\t<\/div>\n\t\t\t\t<\/div>\n\t\t\t\t<\/div>\n\t\t","protected":false},"excerpt":{"rendered":"<p>A vous, que j&#8217;ai accompagn\u00e9s en s\u00e9ance, BIENVENUE ! Ce site est le v\u00f4tre. Vous trouverez ici les audios des pratiques de bases que nous avons travaill\u00e9es ensemble. La Sophrologie est un art de vivre&#8230; Laissez-vous guider et entrez tranquillement dans une pratique qui transforme ! Ecoutez et laissez faire. Et surtout, je vous le <a class=\"read-more\" href=\"https:\/\/ginie-sophrologie.fr\/\">READ MORE<\/a><\/p>\n","protected":false},"author":1,"featured_media":0,"parent":0,"menu_order":0,"comment_status":"closed","ping_status":"closed","template":"","meta":{"footnotes":""},"class_list":["post-24","page","type-page","status-publish","hentry"],"_links":{"self":[{"href":"https:\/\/ginie-sophrologie.fr\/index.php\/wp-json\/wp\/v2\/pages\/24","targetHints":{"allow":["GET"]}}],"collection":[{"href":"https:\/\/ginie-sophrologie.fr\/index.php\/wp-json\/wp\/v2\/pages"}],"about":[{"href":"https:\/\/ginie-sophrologie.fr\/index.php\/wp-json\/wp\/v2\/types\/page"}],"author":[{"embeddable":true,"href":"https:\/\/ginie-sophrologie.fr\/index.php\/wp-json\/wp\/v2\/users\/1"}],"replies":[{"embeddable":true,"href":"https:\/\/ginie-sophrologie.fr\/index.php\/wp-json\/wp\/v2\/comments?post=24"}],"version-history":[{"count":98,"href":"https:\/\/ginie-sophrologie.fr\/index.php\/wp-json\/wp\/v2\/pages\/24\/revisions"}],"predecessor-version":[{"id":286,"href":"https:\/\/ginie-sophrologie.fr\/index.php\/wp-json\/wp\/v2\/pages\/24\/revisions\/286"}],"wp:attachment":[{"href":"https:\/\/ginie-sophrologie.fr\/index.php\/wp-json\/wp\/v2\/media?parent=24"}],"curies":[{"name":"wp","href":"https:\/\/api.w.org\/{rel}","templated":true}]}}